 of 83200?
True
Does 28 divide 3862964?
True
Is 190 a factor of 1318220?
True
Is 1102222 a multiple of 16?
False
Is 21 a factor of 211305?
False
Does 89 divide 673016?
False
Does 16 divide 4687000?
False
Does 98 divide 19110?
True
Is 136726 a multiple of 6?
False
Does 12 divide 1064749?
False
Does 80 divide 2474240?
True
Does 143 divide 41508?
False
Does 370 divide 264180?
True
Is 11 a factor of 10553?
False
Is 4254 a multiple of 6?
True
Is 8202656 a multiple of 14?
True
Does 1488 divide 10901557?
False
Does 1264 divide 2295121?
False
Does 43 divide 252324?
True
Is 57 a factor of 7529016?
True
Is 1381 a factor of 20068692?
True
Is 152 a factor of 848312?
True
Is 49 a factor of 10913525?
True
Is 6113100 a multiple of 820?
True
Is 402 a factor of 12855490?
False
Does 20 divide 383720?
True
Is 6 a factor of 240522?
True
Does 29 divide 129676?
False
Does 119 divide 2661687?
False
Is 298608 a multiple of 29?
False
Does 84 divide 184385?
False
Does 211 divide 94950?
True
Is 155 a factor of 1583896?
False
Does 213 divide 7838798?
False
Is 8075719 a multiple of 28?
False
Does 195 divide 1194760?
False
Is 156 a factor of 545703?
False
Is 180 a factor of 1032660?
True
Is 12 a factor of 5542008?
True
Is 99 a factor of 1016730?
True
Does 14 divide 1711797?
False
Does 22 divide 41426?
True
Is 191947 a multiple of 36?
False
Is 5 a factor of 1439281?
False
Does 23 divide 4512968?
True
Does 387 divide 326241?
True
Is 8694583 a multiple of 26?
False
Is 29 a factor of 113571?
False
Is 57 a factor of 28995?
False
Is 1431840 a multiple of 1093?
False
Is 28 a factor of 165271?
False
Does 13 divide 7826585?
True
Does 118 divide 616651?
False
Does 25 divide 5194524?
False
Is 59 a factor of 5517562?
True
Is 36 a factor of 228744?
True
Is 1030968 a multiple of 27?
True
Does 45 divide 77271?
False
Does 12 divide 2278212?
True
Is 955251 a multiple of 99?
True
Does 64 divide 412352?
True
Is 2973984 a multiple of 24?
True
Does 6 divide 216240?
True
Is 208747 even?
False
Is 10 a factor of 2805500?
True
Is 4780239 a multiple of 13?
False
Is 14 a factor of 232690?
False
Is 3 a factor of 188582?
False
Is 824 a factor of 3283740?
False
Is 194175 a multiple of 78?
False
Does 22 divide 2357168?
True
Is 106689 a multiple of 159?
True
Is 158 a factor of 9553444?
False
Is 14 a factor of 95197?
False
Is 1255338 a multiple of 3?
True
Is 795756 a multiple of 6?
True
Is 11 a factor of 153219?
True
Is 198 a factor of 284724?
True
Is 193 a factor of 646372?
False
Is 72429 a multiple of 21?
True
Is 86953 a multiple of 19?
False
Is 330 a factor of 7394524?
False
Is 42 a factor of 85890?
True
Does 123 divide 502279?
False
Is 63 a factor of 338877?
True
Does 7 divide 127078?
True
Is 142481 a multiple of 27?
False
Is 35721 a multiple of 13?
False
Is 120 a factor of 106375?
False
Is 20 a factor of 38780?
True
Is 12 a factor of 10836?
True
Is 857 a factor of 20738598?
False
Is 824978 a multiple of 801?
False
Is 212 a factor of 2335666?
False
Is 84150 a multiple of 19?
False
Is 9 a factor of 727344?
True
Does 89 divide 1073641?
False
Does 284 divide 17603172?
True
Is 166676 a multiple of 38?
False
Is 44758 a multiple of 30?
False
Is 60 a factor of 223662?
False
Does 100 divide 1585718?
False
Is 99 a factor of 144144?
True
Is 624930 a multiple of 563?
True
Is 91 a factor of 1863316?
True
Is 11 a factor of 537592?
True
Is 8 a factor of 4634440?
True
Does 23 divide 7294816?
False
Is 24 a factor of 86880?
True
Is 6374 a multiple of 37?
False
Is 5 a factor of 795481?
False
Is 4 a factor of 343822?
False
Does 498 divide 2234302?
False
Does 8 divide 18837?
False
Does 654 divide 625435?
False
Is 1235 a factor of 1787339?
False
Is 232 a factor of 290932?
False
Is 36 a factor of 305496?
True
Does 19 divide 354515?
False
Does 33 divide 1791933?
True
Is 2 a factor of 15784?
True
Is 387 a factor of 16997656?
False
Does 48 divide 2711203?
False
Does 10 divide 548860?
True
Does 31 divide 304827?
False
Is 813481 a multiple of 22?
False
Is 7583525 a multiple of 461?
False
Does 10 divide 23280?
True
Is 1226083 a multiple of 4?
False
Does 41 divide 359529?
True
Is 5464371 a multiple of 750?
False
Is 3421512 a multiple of 72?
True
Is 390 a factor of 244140?
True
Is 10314489 a multiple of 159?
True
Is 83 a factor of 464053?
True
Is 1090470 a multiple of 326?
True
Is 5 a factor of 12033?
False
Does 16 divide 5088?
True
Does 533 divide 1033394?
False
Is 294708 a multiple of 123?
True
Is 714 a factor of 3221058?
False
Does 118 divide 21521784?
True
Is 10276 a multiple of 14?
True
Does 16 divide 554080?
True
Is 484080 a multiple of 15?
True
Is 551216 a multiple of 188?
True
Does 23 divide 312846?
True
Is 31 a factor of 34286?
True
Is 133 a factor of 192451?
True
Is 9 a factor of 507421?
False
Does 2 divide 15990?
True
Does 445 divide 796904?
False
Is 14867 a multiple of 2?
False
Is 12010916 a multiple of 71?
False
Is 2459774 a multiple of 9?
False
Is 208078 a multiple of 60?
False
Does 132 divide 2184792?
False
Is 5 a factor of 2938417?
False
Does 21 divide 1317351?
True
Is 224922 a multiple of 114?
True
Does 4 divide 557283?
False
Does 283 divide 194013?
False
Is 288756 a multiple of 404?
False
Is 57741 a multiple of 5?
False
Is 168732 a multiple of 4?
True
Does 44 divide 3339028?
True
Does 22 divide 25410?
True
Is 1941192 a multiple of 57?
True
Is 300 a factor of 133838?
False
Does 30 divide 928289?
False
Is 177632 a multiple of 13?
True
Is 56 a factor of 30160?
False
Does 10 divide 409960?
True
Is 23 a factor of 36501?
True
Is 182712 a multiple of 184?
True
Is 552100 a multiple of 454?
False
Is 100 a factor of 13032517?
False
Is 118 a factor of 450889?
False
Does 11 divide 2420?
True
Is 127 a factor of 4602?
False
Is 5104158 a multiple of 563?
True
Is 556 a factor of 902313?
False
Does 142 divide 762256?
True
Is 82 a factor of 17129157?
False
Does 8 divide 738699?
False
Is 2 a factor of 33143?
False
Is 224085 a multiple of 11?
False
Is 1135586 a multiple of 10?
False
Is 5 a factor of 1842?
False
Is 37 a factor of 363081?
True
Does 402 divide 3988242?
True
Is 13349797 a multiple of 71?
False
Does 6 divide 1719255?
False
Is 361835 a multiple of 60?
False
Does 6 divide 136932?
True
Does 85 divide 1158975?
True
Does 8 divide 244520?
True
Does 159 divide 1539438?
True
Is 41 a factor of 13464728?
True
Is 85 a factor of 323085?
True
Does 20 divide 174943?
False
Is 1252888 a multiple of 91?
True
Does 5 divide 81497?
False
Is 37 a factor of 126859?
False
Does 107 divide 26322?
True
Is 385 a factor of 3732960?
True
Does 2 divide 1510343?
False
Is 254073 a multiple of 288?
False
Is 69195 a multiple of 5?
True
Does 186 divide 5418366?
True
Is 2389500 a multiple of 45?
True
Does 170 divide 2735300?
True
Is 1494027 a multiple of 57?
True
Is 51 a factor of 700281?
True
Is 2329542 a multiple of 9?
True
Is 3182735 a multiple of 578?
False
Is 21 a factor of 427726?
False
Is 7713576 a multiple of 66?
False
Is 28 a factor of 749784?
True
Is 1031656 a multiple of 12?
False
Does 30 divide 213060?
True
Does 207 divide 1178372?
False
Is 29 a factor of 6698696?
False
Is 7940114 a multiple of 7?
True
Is 8 a factor of 413744?
True
Is 1046 a factor of 1712996?
False
Is 412197 a multiple of 8?
False
Is 1125248 a multiple of 16?
True
Does 436 divide 1797401?
False
Is 141 a factor of 242305?
False
Is 7 a factor of 171644?
False
Is 6 a factor of 3553936?
False
Does 6 divide 336582?
True
Is 111 a factor of 6648123?
True
Is 2101372 a multiple of 26?
True
Does 68 divide 3733189?
False
Is 41048 a multiple of 9?
False
Is 3 a factor of 271317?
True
Does 8 divide 1113255?
False
Is 187 a factor of 2393503?
False
Is 64 a factor of 45568?
True
Is 429 a factor of 17962854?
False
Is 316 a factor of 526140?
True
Is 263 a factor of 42421?
False
Is 19 a factor of 1052546?
False
Is 356292 a multiple of 12?
True
Does 81 divide 8418654?
True
Is 557014 a multiple of 328?
False
Is 2354721 a multiple of 423?
False
Is 38 a factor of 968392?
True
Does 138 divide 38088?
True
Is 7313625 a multiple of 135?
True
Is 24882 a multiple of 29?
True
Does 677 divide 2624533?
False
Does 430 divide 247312?
False
Is 79 a factor of 116683?
True
Is 301488 a multiple of 24?
True
Does 533 divide 637468?
True
Is 2809447 a multiple of 80?
False
Is 55241 a multiple of 37?
True
Is 38 a f